remainder when 300/8 - 1/(-2) is divided by 10.
8
Let i(g) be the third derivative of -g**6/120 + g**5/10 + g**4/6 - g**3/6 - 2*g**2. What is the remainder when i(6) is divided by 12?
11
Let i = 22 + 0. Let u = 13 + -5. Calculate the remainder when i is divided by u.
6
Let j = -4 + 4. Suppose j*w + 2*w - 4 = 0. Suppose -6 = -5*m + x, 3*x - 2 = -2*m - 3*m. Calculate the remainder when w is divided by m.
0
What is the remainder when (297/14 - (-6)/21)*2 is divided by 5?
3
Calculate the remainder when -4*5*9/(180/(-16)) is divided by -1*3*(0 - 2).
4
Suppose -9*x + 1188 = 315. Calculate the remainder when x is divided by 25.
22
Let k(r) = -106*r + 2. What is the remainder when k(-1) is divided by 37?
34
Suppose 3*k - 8 - 7 = 0. Suppose k*f + 20 - 150 = 0. What is the remainder when 77 is divided by f?
25
Suppose y = 5*t - 427 - 155, 112 = t + 2*y. What is the remainder when t is divided by 39?
38
Let g = 281 + -230. Suppose 1 = -z + 14. What is the remainder when g is divided by z?
12
Let n = 19 + -11. Suppose 49 - n = r. Suppose 5*p - 69 = 1. Calculate the remainder when r is divided by p.
13
Let z be 6/(-27) + 22/18. Let g = z - -1. Suppose 4*k = k + 15. Calculate the remainder when k is divided by g.
1
Let b = 28 - 15. What is the remainder when b is divided by 4?
1
Suppose 4*u - 16 = 4*n, u = 2*u + n. Suppose -u*p = d - 36, -2*d = -3*p + p - 48. Suppose 2*m + 2*m - d = 0. Calculate the remainder when m is divided by 4.
3
Suppose 5*l - 5*d - 75 = 0, -3*l + 40 = -4*d - 0. What is the remainder when 58 is divided by l?
18
Suppose 1 = q - 4. Suppose -n = 4*z + 2*n - 31, q*n - 12 = -z. What is the remainder when 25 is divided by z?
4
Let b = -17 + 42. Let w = 4 - 0. Suppose -w*g + 33 = -3. Calculate the remainder when b is divided by g.
7
Suppose -3*y + 8*y = 115. Suppose -4*f + 175 - y = 0. Calculate the remainder when f is divided by 13.
12
Let q = -77 - -44. Let t = 76 + q. Calculate the remainder when t is divided by -2 + 16 - (-1 + 0).
13
Let p = -17 - -11. Let m = p + 11. What is the remainder when m is divided by 9 + -10 - ((-2)/2 - 3)?
2
Let y(g) be the third derivative of -g**6/120 + g**5/12 - g**4/6 + g**3/6 - 6*g**2. Suppose n + 4*n - 20 = 0. What is the remainder when 1 is divided by y(n)?
0
Let f = 80 - 71. Calculate the remainder when 12 is divided by f.
3
Suppose -3 + 24 = -w + 5*m, -5*m - 9 = 4*w. Let v(h) = -h**3 - 2*h**2 + h + 56. Calculate the remainder when v(0) is divided by ((-38)/w)/((-1)/(-3)).
18
Suppose -5 = -g - 0. Calculate the remainder when g is divided by 5.
0
Let r(z) = z - 1. Let f be r(3). Suppose -u + j + 4 = 0, -5*u + f*j = -2*u - 13. Suppose -u*d - 53 = -313. What is the remainder when d is divided by 18?
16
Let a(q) = q**2 - 9. What is the remainder when a(10) is divided by 23?
22
What is the remainder when 29 is divided by ((-4)/(-3))/((-13)/(-12) + -1)?
13
Let p(q) = -3*q. Let d be p(-1). Suppose -5*o - 4*u = -46, -4*o = -2*o - 5*u - 25. Let k = o + d. Calculate the remainder when 38 is divided by k.
12
Suppose 40 = 4*d - 4. What is the remainder when 20 is divided by d?
9
Let i = -18 + 21. Suppose 71 = 3*q - 4*a, 4*q + i*a - 132 = -a. What is the remainder when 57 is divided by q?
28
Suppose -3*y - 15 = 0, 2*g = -g + y + 116. Let r = g + -25. Calculate the remainder when 33 is divided by r.
9
Suppose 0 = -2*h - 9 + 55. Suppose -5*q + h = 2*d, 0*q - 51 = -3*d - 2*q. What is the remainder when 55 is divided by d?
17
Let l(o) = -2*o**3 + 3*o**2 + 4*o + 2. Let n be l(-3). Suppose -n = -3*r + 2*r - 2*i, -4*r + i = -248. Calculate the remainder when r is divided by 33.
30
Let o(a) = -a**3 + 6*a**2 - a + 16. Calculate the remainder when 28 is divided by o(6).
8
Let d be 1 - (0 - (1 - 74)). Let x be (1 + -2)/(3/d). Let o = -11 + x. Calculate the remainder when o is divided by 7.
6
Suppose 2*c + i = 97, 2*c + 4*i - 98 = 2*i. What is the remainder when 191 is divided by c?
47
Let o be (-8)/(-6) + 2/3. Suppose -3*v = 4*v - 217. What is the remainder when v is divided by 11 + (-1 - o/(-2))?
9
What is the remainder when (10 - 5 - -17) + 3 is divided by 4?
1
Let f = -3 - -6. Suppose -f*c - 46 = -5*c. Suppose 9*t - 120 = -12. What is the remainder when c is divided by t?
11
What is the remainder when 25 is divided by (-12)/10*15/(-2)?
7
Let p = 52 + -28. Suppose p = 3*c - 3*s, c - 3*s = s + 20. What is the remainder when c is divided by 3?
1
Let z = 47 + 44. Calculate the remainder when z is divided by 32.
27
Suppose 0 = 3*r - 12, q + r = -q + 92. Calculate the remainder when q is divided by 9.
8
Let l(s) = 2*s**2 + s + 2. Let b = -6 - -11. What is the remainder when l(-2) is divided by b?
3
Let i = 25 - -5. What is the remainder when 88 is divided by i?
28
Suppose -w = -4*t - 3*w + 28, -5*w = 10. Calculate the remainder when t is divided by 4.
0
Let g(y) = y**2 + 9*y + 11. Let z be g(-11). Suppose -4*s = -3*o - z, 3*o - o = s - 7. What is the remainder when s is divided by 6?
3
Suppose -2*d + 36 = 2*d. Let q = d - 7. Suppose -4*f = 0, -95 = -5*v - 0*v + q*f. Calculate the remainder when 55 is divided by v.
17
Suppose 3*f - 8 = -2*v, 28 = -2*f + 5*v + 65. Let j = -22 + 112. Suppose -2*p + 0*i - 2*i = -48, i = -4*p + j. What is the remainder when p is divided by f?
4
What is the remainder when ((-2)/(-5))/(4/1180) is divided by 12?
10
Let u be (-3 - -1)/((-6)/27). Suppose -2*p + u = -5*x - 11, 0 = -3*x. Calculate the remainder when 1*78/p*5 is divided by 10.
9
Let p be (-6)/(-2 + 12/3). Let d = p - -4. Calculate the remainder when d is divided by 1.
0
What is the remainder when 34 is divided by (12/(-10))/((-5)/50)?
10
Let p = 39 - 57. Let j = 27 + -55. Let d = p - j. What is the remainder when 18 is divided by d?
8
Let h = -2 - -5. Let p = 0 + h. Calculate the remainder when 5 is divided by p.
2
Let o = 39 - 26. Suppose 0 = 5*w - 4*m - 59, -2*m = 5 - o. What is the remainder when 58 is divided by w?
13
Let x = 36 - 15. Calculate the remainder when x is divided by 11.
10
Let k(h) = 9*h. Suppose 4*s + 5*l - 33 = 0, -6*s + 3*l - 13 = -5*s. Calculate the remainder when 52 is divided by k(s).
16
Let q(a) = -10*a + 4. Suppose -2*m + m = -3*r + 5, -5*r + 35 = m. Let h = 2 + m. What is the remainder when q(-3) is divided by h?
10
Let d = 4 + -2. Calculate the remainder when d - (-1 - -21)/(-1) is divided by 2 + -1 + 1 + 10.
10
Suppose -x = 4*x. Let d be (x - 16/10)*10. What is the remainder when 26 is divided by d/6*42/(-8)?
12
Let t be 3 + -69*(-2)/6. Let j be (-2)/(-2*2/6). Suppose y + t = j*y. What is the remainder when y is divided by 7?
6
Suppose -2*t + 16 = -5*d - 21, -t = -5*d - 11. Calculate the remainder when t is divided by 7.
5
Suppose -3*i = 4*l + i - 120, 5*i = l - 48. What is the remainder when l is divided by 3?
0
Let n = -81 + 146. Calculate the remainder when n is divided by 17.
14
Let y(u) = 1 - 2 - 4*u - 2*u**2 - 2 + 0 + u**3. Calculate the remainder when y(4) is divided by 4.
1
Suppose 4 = -t - t. Suppose 0*q - 52 = -4*q. Let r = t + q. Calculate the remainder when r is divided by 4.
3
Let b(x) = x**2 + x + 19. Let m = 138 + -101. What is the remainder when m is divided by b(0)?
18
Let d = 55 - 24. Suppose 0 = -4*t + 5*t - d. Calculate the remainder when t is divided by 11.
9
Suppose -5*v + 25 = -10. What is the remainder when 18 is divided by v?
4
What is the remainder when 43 is divided by ((-77)/(-21))/(1/3)?
10
Suppose 0 = 5*c + 4*z - 45, -2*c - 4 = -4*z - 22. Suppose v - 68 = -v. Calculate the remainder when v is divided by c.
7
Suppose 0 = 2*b - b - 2*u - 37, -b - 4*u + 31 = 0. Let q = b + -21. What is the remainder when (-570)/(-14) - (-2)/7 is divided by q?
13
Suppose 4*z - 2*p = -0*z + 6, -15 = -3*z - 2*p. Suppose 0 = -z*u + 6*u. Calculate the remainder when 28 is divided by u*(-2)/4 + 10.
8
Suppose 0 = 4*h - 2*h - 40. Let q = h + -8. Calculate the remainder when 2 + (131 + -3)/4 is divided by q.
10
Calculate the remainder when (2 - 1) + (82 - -2) is divided by 22.
19
Let r(j) = 3*j**2 - 4*j + 3. Let d be r(2). Suppose -18 = -3*n + 9. Let z = n - d. What is the remainder when 2 is divided by z?
0
Suppose 2*b - 2*w + 923 = 7*b, 0 = -5*b - 4*w + 931. What is the remainder when b is divided by 46?
45
Suppose -a - a + 30 = 0. What is the remainder when 44 is divided by a?
14
Let d(l) = 4*l - 6. Let s 